[INFO] fetching crate dxgi 0.3.0-alpha4...
[INFO] checking dxgi-0.3.0-alpha4 against master#af3c6e733a40e671550e0f0f5aeecaa13772ba56 for pr-74989
[INFO] extracting crate dxgi 0.3.0-alpha4 into /workspace/builds/worker-9/source
[INFO] validating manifest of crates.io crate dxgi 0.3.0-alpha4 on toolchain af3c6e733a40e671550e0f0f5aeecaa13772ba56
[INFO] running `Command { std: "/workspace/cargo-home/bin/cargo" "+af3c6e733a40e671550e0f0f5aeecaa13772ba56" "read-manifest" "--manifest-path" "Cargo.toml", kill_on_drop: false }`
[INFO] started tweaking crates.io crate dxgi 0.3.0-alpha4
[INFO] finished tweaking crates.io crate dxgi 0.3.0-alpha4
[INFO] tweaked toml for crates.io crate dxgi 0.3.0-alpha4 written to /workspace/builds/worker-9/source/Cargo.toml
[INFO] running `Command { std: "/workspace/cargo-home/bin/cargo" "+af3c6e733a40e671550e0f0f5aeecaa13772ba56" "generate-lockfile" "--manifest-path" "Cargo.toml" "-Zno-index-update", kill_on_drop: false }`
[INFO] [stderr]     Blocking waiting for file lock on package cache
[INFO] running `Command { std: "/workspace/cargo-home/bin/cargo" "+af3c6e733a40e671550e0f0f5aeecaa13772ba56" "fetch" "--locked" "--manifest-path" "Cargo.toml", kill_on_drop: false }`
[INFO] running `Command { std: "docker" "create" "-v" "/var/lib/crater-agent-workspace/builds/worker-9/target:/opt/rustwide/target:rw,Z" "-v" "/var/lib/crater-agent-workspace/builds/worker-9/source:/opt/rustwide/workdir:ro,Z" "-v" "/var/lib/crater-agent-workspace/cargo-home:/opt/rustwide/cargo-home:ro,Z" "-v" "/var/lib/crater-agent-workspace/rustup-home:/opt/rustwide/rustup-home:ro,Z" "-e" "SOURCE_DIR=/opt/rustwide/workdir" "-e" "CARGO_TARGET_DIR=/opt/rustwide/target" "-e" "CARGO_HOME=/opt/rustwide/cargo-home" "-e" "RUSTUP_HOME=/opt/rustwide/rustup-home" "-w" "/opt/rustwide/workdir" "-m" "1610612736" "--user" "0:0" "--network" "none" "rustops/crates-build-env@sha256:d92eaeed33fa75130ca1ee6c8a01d1ffb62bac859dfdfb3450e3e5d1c0146529" "/opt/rustwide/cargo-home/bin/cargo" "+af3c6e733a40e671550e0f0f5aeecaa13772ba56" "metadata" "--no-deps" "--format-version=1", kill_on_drop: false }`
[INFO] [stderr] WARNING: Your kernel does not support swap limit capabilities or the cgroup is not mounted. Memory limited without swap.
[INFO] [stdout] f4567f79f2d8e62c6e6b4206dcec0f36130dc0db63b5a981b4b4589945243101
[INFO] running `Command { std: "docker" "start" "-a" "f4567f79f2d8e62c6e6b4206dcec0f36130dc0db63b5a981b4b4589945243101", kill_on_drop: false }`
[INFO] running `Command { std: "docker" "inspect" "f4567f79f2d8e62c6e6b4206dcec0f36130dc0db63b5a981b4b4589945243101", kill_on_drop: false }`
[INFO] running `Command { std: "docker" "rm" "-f" "f4567f79f2d8e62c6e6b4206dcec0f36130dc0db63b5a981b4b4589945243101", kill_on_drop: false }`
[INFO] [stdout] f4567f79f2d8e62c6e6b4206dcec0f36130dc0db63b5a981b4b4589945243101
[INFO] running `Command { std: "docker" "create" "-v" "/var/lib/crater-agent-workspace/builds/worker-9/target:/opt/rustwide/target:rw,Z" "-v" "/var/lib/crater-agent-workspace/builds/worker-9/source:/opt/rustwide/workdir:ro,Z" "-v" "/var/lib/crater-agent-workspace/cargo-home:/opt/rustwide/cargo-home:ro,Z" "-v" "/var/lib/crater-agent-workspace/rustup-home:/opt/rustwide/rustup-home:ro,Z" "-e" "SOURCE_DIR=/opt/rustwide/workdir" "-e" "CARGO_TARGET_DIR=/opt/rustwide/target" "-e" "CARGO_INCREMENTAL=0" "-e" "RUST_BACKTRACE=full" "-e" "RUSTFLAGS=--cap-lints=forbid" "-e" "CARGO_HOME=/opt/rustwide/cargo-home" "-e" "RUSTUP_HOME=/opt/rustwide/rustup-home" "-w" "/opt/rustwide/workdir" "-m" "1610612736" "--user" "0:0" "--network" "none" "rustops/crates-build-env@sha256:d92eaeed33fa75130ca1ee6c8a01d1ffb62bac859dfdfb3450e3e5d1c0146529" "/opt/rustwide/cargo-home/bin/cargo" "+af3c6e733a40e671550e0f0f5aeecaa13772ba56" "check" "--frozen" "--all" "--all-targets" "--message-format=json", kill_on_drop: false }`
[INFO] [stdout] 5a344c20c8a7b552ca84ef19b28e77f3bcfaae4f864d496447b5470d4ecf8623
[INFO] [stderr] WARNING: Your kernel does not support swap limit capabilities or the cgroup is not mounted. Memory limited without swap.
[INFO] running `Command { std: "docker" "start" "-a" "5a344c20c8a7b552ca84ef19b28e77f3bcfaae4f864d496447b5470d4ecf8623", kill_on_drop: false }`
[INFO] [stderr]     Blocking waiting for file lock on package cache
[INFO] [stderr]     Checking dxgi v0.3.0-alpha4 (/opt/rustwide/workdir)
[INFO] [stdout] error[E0463]: can't find crate for `windows_dpi`
[INFO] [stdout]  --> examples/enum_adapters.rs:2:1
[INFO] [stdout]   |
[INFO] [stdout] 2 | extern crate windows_dpi;
[INFO] [stdout]   | ^^^^^^^^^^^^^^^^^^^^^^^^^ can't find crate
[INFO] [stdout] 
[INFO] [stdout] 
[INFO] [stdout] error: aborting due to previous error
[INFO] [stdout] 
[INFO] [stdout] 
[INFO] [stdout] For more information about this error, try `rustc --explain E0463`.
[INFO] [stdout] 
[INFO] [stdout] error[E0432]: unresolved import `dxgi::factory`
[INFO] [stdout]  --> examples/factory6.rs:1:11
[INFO] [stdout]   |
[INFO] [stdout] 1 | use dxgi::factory::Factory6;
[INFO] [stdout]   |           ^^^^^^^ could not find `factory` in `dxgi`
[INFO] [stdout] 
[INFO] [stdout] 
[INFO] [stderr] error: could not compile `dxgi`.
[INFO] [stdout] error[E0432]: unresolved import `dxgi::enums`
[INFO] [stdout]  --> examples/factory6.rs:2:11
[INFO] [stdout]   |
[INFO] [stdout] 2 | use dxgi::enums::GpuPreference;
[INFO] [stdout]   |           ^^^^^ could not find `enums` in `dxgi`
[INFO] [stdout] 
[INFO] [stdout] 
[INFO] [stderr] 
[INFO] [stdout] error[E0432]: unresolved import `dxgi::adapter`
[INFO] [stdout]  --> examples/factory6.rs:3:11
[INFO] [stdout]   |
[INFO] [stdout] 3 | use dxgi::adapter::Adapter4;
[INFO] [stdout]   |           ^^^^^^^ could not find `adapter` in `dxgi`
[INFO] [stdout] 
[INFO] [stdout] 
[INFO] [stderr] To learn more, run the command again with --verbose.
[INFO] [stdout] error[E0433]: failed to resolve: could not find `factory` in `dxgi`
[INFO] [stdout]  --> examples/factory6.rs:6:41
[INFO] [stdout]   |
[INFO] [stdout] 6 |     let factory: Factory6 = match dxgi::factory::create() {
[INFO] [stdout]   |                                         ^^^^^^^ could not find `factory` in `dxgi`
[INFO] [stdout] 
[INFO] [stdout] 
[INFO] [stderr] warning: build failed, waiting for other jobs to finish...
[INFO] [stdout] error: aborting due to 4 previous errors
[INFO] [stdout] 
[INFO] [stdout] 
[INFO] [stdout] Some errors have detailed explanations: E0432, E0433.
[INFO] [stdout] 
[INFO] [stdout] For more information about an error, try `rustc --explain E0432`.
[INFO] [stdout] 
[INFO] [stderr] error: build failed
[INFO] running `Command { std: "docker" "inspect" "5a344c20c8a7b552ca84ef19b28e77f3bcfaae4f864d496447b5470d4ecf8623", kill_on_drop: false }`
[INFO] running `Command { std: "docker" "rm" "-f" "5a344c20c8a7b552ca84ef19b28e77f3bcfaae4f864d496447b5470d4ecf8623", kill_on_drop: false }`
[INFO] [stdout] 5a344c20c8a7b552ca84ef19b28e77f3bcfaae4f864d496447b5470d4ecf8623
